 the prime factors of 1368?
2, 3, 19
List the prime factors of 379.
379
List the prime factors of 5952.
2, 3, 31
List the prime factors of 267.
3, 89
What are the prime factors of 38749?
38749
List the prime factors of 1808.
2, 113
List the prime factors of 61107.
3, 20369
List the prime factors of 3024.
2, 3, 7
What are the prime factors of 23162?
2, 37, 313
List the prime factors of 1212.
2, 3, 101
What are the prime factors of 112303?
112303
What are the prime factors of 1231?
1231
List the prime factors of 1617.
3, 7, 11
What are the prime factors of 1392?
2, 3, 29
List the prime factors of 773.
773
List the prime factors of 4758.
2, 3, 13, 61
What are the prime factors of 8562?
2, 3, 1427
List the prime factors of 66934.
2, 7, 683
List the prime factors of 1029.
3, 7
What are the prime factors of 12543?
3, 37, 113
List the prime factors of 665.
5, 7, 19
What are the prime factors of 20258?
2, 7, 1447
List the prime factors of 3655.
5, 17, 43
What are the prime factors of 1713?
3, 571
What are the prime factors of 715?
5, 11, 13
List the prime factors of 4970.
2, 5, 7, 71
List the prime factors of 24782.
2, 12391
What are the prime factors of 88534?
2, 44267
What are the prime factors of 2773?
47, 59
List the prime factors of 3315.
3, 5, 13, 17
List the prime factors of 13410.
2, 3, 5, 149
List the prime factors of 26358.
2, 3, 23, 191
What are the prime factors of 52236?
2, 3, 1451
What are the prime factors of 52345?
5, 19, 29
What are the prime factors of 805?
5, 7, 23
What are the prime factors of 72893?
72893
List the prime factors of 6719.
6719
What are the prime factors of 81999?
3, 3037
What are the prime factors of 5747?
7, 821
What are the prime factors of 2048?
2
What are the prime factors of 1451?
1451
What are the prime factors of 17893?
29, 617
List the prime factors of 4268.
2, 11, 97
List the prime factors of 471.
3, 157
What are the prime factors of 2054?
2, 13, 79
What are the prime factors of 3007?
31, 97
What are the prime factors of 174?
2, 3, 29
List the prime factors of 65.
5, 13
List the prime factors of 13208.
2, 13, 127
What are the prime factors of 138?
2, 3, 23
What are the prime factors of 9005?
5, 1801
What are the prime factors of 10879?
11, 23, 43
What are the prime factors of 13019?
47, 277
List the prime factors of 2100.
2, 3, 5, 7
What are the prime factors of 1252?
2, 313
What are the prime factors of 1129?
1129
List the prime factors of 1820.
2, 5, 7, 13
List the prime factors of 1848.
2, 3, 7, 11
What are the prime factors of 5165?
5, 1033
List the prime factors of 1175.
5, 47
What are the prime factors of 39234?
2, 3, 13, 503
What are the prime factors of 6840?
2, 3, 5, 19
What are the prime factors of 21667?
47, 461
What are the prime factors of 139008?
2, 3, 181
List the prime factors of 22055.
5, 11, 401
List the prime factors of 1102.
2, 19, 29
What are the prime factors of 1121?
19, 59
What are the prime factors of 1467?
3, 163
List the prime factors of 144182.
2, 72091
List the prime factors of 6044.
2, 1511
What are the prime factors of 2236?
2, 13, 43
What are the prime factors of 2121?
3, 7, 101
What are the prime factors of 99107?
23, 31, 139
What are the prime factors of 2479?
37, 67
List the prime factors of 1901.
1901
List the prime factors of 560.
2, 5, 7
What are the prime factors of 14517?
3, 1613
List the prime factors of 2728.
2, 11, 31
What are the prime factors of 80116?
2, 20029
List the prime factors of 2092.
2, 523
List the prime factors of 2128.
2, 7, 19
What are the prime factors of 29153?
29153
What are the prime factors of 74405?
5, 23, 647
List the prime factors of 33943.
7, 13, 373
What are the prime factors of 24880?
2, 5, 311
What are the prime factors of 8182?
2, 4091
What are the prime factors of 455?
5, 7, 13
List the prime factors of 12899.
12899
What are the prime factors of 29417?
23, 1279
What are the prime factors of 2?
2
What are the prime factors of 1380?
2, 3, 5, 23
What are the prime factors of 8439?
3, 29, 97
List the prime factors of 68375.
5, 547
What are the prime factors of 15195?
3, 5, 1013
List the prime factors of 35042.
2, 7, 2503
What are the prime factors of 18829?
19, 991
List the prime factors of 248.
2, 31
List the prime factors of 12717.
3, 157
What are the prime factors of 48575?
5, 29, 67
List the prime factors of 4703.
4703
What are the prime factors of 3990?
2, 3, 5, 7, 19
What are the prime factors of 1874?
2, 937
List the prime factors of 1395.
3, 5, 31
What are the prime factors of 64259?
13, 4943
What are the prime factors of 736?
2, 23
List the prime factors of 22676.
2, 5669
List the prime factors of 50331.
3, 19, 883
What are the prime factors of 72035?
5, 14407
List the prime factors of 1266.
2, 3, 211
What are the prime factors of 13056?
2, 3, 17
What are the prime factors of 901?
17, 53
List the prime factors of 5045.
5, 1009
List the prime factors of 8558.
2, 11, 389
List the prime factors of 15825.
3, 5, 211
What are the prime factors of 2639?
7, 13, 29
What are the prime factors of 9134?
2, 4567
What are the prime factors of 8195?
5, 11, 149
What are the prime factors of 20125?
5, 7, 23
List the prime factors of 20274.
2, 3, 31, 109
What are the prime factors of 53253?
3, 61, 97
List the prime factors of 926.
2, 463
List the prime factors of 25449.
3, 17, 499
List the prime factors of 707.
7, 101
What are the prime factors of 6982?
2, 3491
What are the prime factors of 8671?
13, 23, 29
List the prime factors of 24969.
3, 7, 29, 41
What are the prime factors of 31?
31
What are the prime factors of 1602?
2, 3, 89
List the prime factors of 284.
2, 71
List the prime factors of 1264.
2, 79
List the prime factors of 8603.
7, 1229
What are the prime factors of 20935?
5, 53, 79
List the prime factors of 60105.
3, 5, 4007
List the prime factors of 16043.
61, 263
List the prime factors of 2427.
3, 809
List the prime factors of 2379.
3, 13, 61
List the prime factors of 120729.
3, 7, 5749
What are the prime factors of 241?
241
List the prime factors of 700.
2, 5, 7
What are the prime factors of 8069?
8069
List the prime factors of 5739.
3, 1913
List the prime factors of 13935.
3, 5, 929
List the prime factors of 71080.
2, 5, 1777
List the prime factors of 2395.
5, 479
List the prime factors of 3807.
3, 47
What are the prime factors of 78127?
7, 11161
What are the prime factors of 234?
2, 3, 13
What are the prime factors of 14716?
2, 13, 283
What are the prime factors of 1277?
1277
List the prime factors of 6242.
2, 3121
What are the prime factors of 271?
271
List the prime factors of 66686.
2, 33343
What are the prime factors of 1212?
2, 3, 101
What are the prime factors of 90464?
2, 11, 257
List the prime factors of 97315.
5, 19463
What are the prime factors of 673?
673
List the prime factors of 11309.
43, 263
List the prime factors of 3420.
2, 3, 5, 19
What are the prime factors of 2701?
37, 73
List the prime factors of 65161.
17, 3833
List the prime factors of 7613.
23, 331
List the prime factors of 1291.
1291
What are the prime factors of 611?
13, 47
What are the prime factors of 5191?
29, 179
What are the prime factors of 79095?
3, 5, 5273
What are the prime factors of 32992?
2, 1031
List the prime factors of 8952.
2, 3, 373
What are the prime factors of 129800?
2, 5, 11, 59
List the prime factors of 17695.
5, 3539
List the prime factors of 15046.
2, 7523
List the prime factors of 15798.
2, 3, 2633
What are the prime factors of 63203?
7, 9029
List the prime factors of 12569.
12569
List the prime factors of 103133.
151, 683
List the prime factors of 13262.
2, 19, 349
List the prime factors of 488.
2, 61
List the prime factors of 7290.
2, 3, 5
What are the prime factors of 3950?
2, 5, 79
What are the prime factors of 5311?
47, 113
What are the prime factors of 531?
3, 59
List the prime factors of 176.
2, 11
What are the prime factors of 638?
2, 11, 29
List the prime factors of 15018.
2, 3, 2503
What are the prime factors of 144?
2, 3
What are the prime factors of 7307?
7307
What are the prime factors of 9102?
2, 3, 37, 41
List the prime factors of 12602.
2, 6301
List the prime factors of 25758.
2, 3, 53
What are the prime factors of 1473?
3, 491
List the prime factors of 29.
29
What are the prime factors of 177299?
107, 1657
List t